tors of o?
11
Let h(v) = 2*v**2 + 2*v + 1. Let s(u) = -u**2 + 3*u + 3. Let o be s(4). Let f be h(o). Let i(b) = 17*b**3 - b**2 + b - 1. List the prime factors of i(f).
2
Let a be 1/(-4) + (-98)/(-8). Let y be a/3 - 2/(-2). Suppose -2*j + 17 + y = 0. What are the prime factors of j?
11
Suppose 0 = -n + 6*n + 120. Let x be n + (-1)/(-3)*3. Let j = x + 36. What are the prime factors of j?
13
Let f = -4 + 6. Suppose 5 + 9 = f*k - 3*q, -k + 12 = -4*q. Suppose -63 = -k*a + u, -u + 33 = 2*a - 0*u. List the prime factors of a.
2
Suppose -i = -5*i + u + 265, 0 = 5*i + 4*u - 347. What are the prime factors of i?
67
Let p(a) = a**2 + 2*a. Let d be p(-2). Suppose 3*c - 4*y - 37 = d, 2*c - 2*y = c + 13. What are the prime factors of c?
11
Let p(s) = 16*s**2 - 2*s + 1. What are the prime factors of p(1)?
3, 5
Let a(m) be the second derivative of -m**3/2 - 3*m**2 - m. Suppose 3*g - d = -0*d - 16, -3*d + 12 = 0. What are the prime factors of a(g)?
2, 3
Let k = -5 + 9. Suppose -k*s - 3*b = -8 - 51, -4*b = -2*s + 2. What are the prime factors of s?
11
Suppose -5*t = -t - 232. Suppose -p = -3*r - 50, 4*r + 5*p + t = 2*p. Let b = -7 - r. List the prime factors of b.
3
Suppose -17*n = -3*n - 476. What are the prime factors of n?
2, 17
Suppose 5 = -t, -5*t - 33 = -s - 7. Let j = 4 - s. List the prime factors of j.
3
Suppose -10*r + 423 = -137. List the prime factors of r.
2, 7
Suppose b = 2 - 0. Suppose -4*h + j + 4*j = 10, -3*h + b = j. Suppose h = 3*m - 5 - 7. What are the prime factors of m?
2
Suppose -5*o - 8 = -o, 5*l + 5*o + 50 = 0. Let i be (-1)/4 - (-70)/l. Let u(j) = -2*j - 11. List the prime factors of u(i).
7
Suppose -2*q - 20 = -7*q. Suppose 7 + 5 = -3*v, q*k - 44 = 4*v. List the prime factors of (1 - 0)/(k/49).
7
Let f be (-1*(3 + -1))/(-1). List the prime factors of (f/4)/(4/152).
19
Let i = 11 + -3. Let o = i - -1. What are the prime factors of o?
3
Let y(i) be the first derivative of -1 - 1/2*i**2 - i. What are the prime factors of y(-9)?
2
Let c(j) = -5*j**2 - j + 3 - 2*j**2 + 0*j**2 + 2*j**2 - j**3. Let z be c(-5). List the prime factors of z/(-12)*78/(-4).
13
Let s = 79 - 31. What are the prime factors of s?
2, 3
Suppose 0 = 2*a + 3*a + 20. Let s = -44 - -30. What are the prime factors of a/s + 480/35?
2, 7
Suppose -3*l - 31 = -2*q, -4*q - q - l + 103 = 0. List the prime factors of q.
2, 5
Suppose 4 = -2*i + 4*i. List the prime factors of (-129)/(-15) + i/5.
3
Let x(p) be the first derivative of p**2 + 2*p + 3. What are the prime factors of x(2)?
2, 3
Let y(w) = -w + 2. Let m = -15 + 10. List the prime factors of y(m).
7
Suppose 0 = 4*j + 3*q - 107, -2*j + 0 + 67 = -3*q. List the prime factors of j.
29
Let q(m) = 2*m + 14. Let j be q(-6). List the prime factors of 382/14 - j/7.
3
Suppose 2 + 166 = 4*k. What are the prime factors of k?
2, 3, 7
Suppose 4*l + 11 + 1 = 0. What are the prime factors of (9/21)/(l/(-21))?
3
Let z(i) = -i**2 + 4*i + 6. Let q be z(6). Let k be 1/(-1) - q/2. Let u = 15 + k. List the prime factors of u.
17
Let z be (-9)/3 - -3*1. Suppose 2*n - f = 25 + 23, 4*n - f - 96 = z. Suppose -4*x = -6*x + n. What are the prime factors of x?
2, 3
Suppose -2*s + 550 = 4*r, 2*s = 4*r + 3*s - 551. What are the prime factors of r?
2, 3, 23
Let a be ((-10)/3)/(6/9). Let n(t) = -3*t + 1. What are the prime factors of n(a)?
2
Let x(f) = f + 23. Suppose -2*o = -3*o. Let i be x(o). Let g = -13 + i. What are the prime factors of g?
2, 5
Suppose -2*w = y + 17 - 55, 4*y - 158 = -5*w. Suppose -j = 2*j - y. List the prime factors of j.
2, 7
Let c(x) = -4*x - 3. Let b be c(3). Let m = -5 - b. List the prime factors of m.
2, 5
Suppose 298 = 5*x - 217. List the prime factors of x.
103
Let h = -1 + 5. List the prime factors of 16/6*6/h.
2
Suppose -10 = -p - 0*p. Suppose q + p = 3*q. Let b = q - 2. List the prime factors of b.
3
Let y(u) = u**2 - 3*u + 8. Let s be y(4). List the prime factors of (1 + (-3)/s)*4.
3
Let c be (-10)/(-3)*12/(-10). Let a = c - -10. What are the prime factors of a?
2, 3
Let d = -1 + -3. Let q be -4 - d - (-12)/(-2). What are the prime factors of 2/3 - 32/q?
2, 3
Suppose -3 - 7 = -2*o. Suppose -z + 2*z - 38 = h, 0 = z - o*h - 26. List the prime factors of z.
41
Let w(g) = -g**3 - 5*g**2 - g + 6. Let n be w(-5). What are the prime factors of n - 1 - 0/1?
2, 5
Let n = 17 - 0. Let m = 8 - n. Let v = m + 11. What are the prime factors of v?
2
Let q = 123 + -90. What are the prime factors of q?
3, 11
Suppose 3*i + 6*x = 4*x + 364, 4*i = 3*x + 474. Suppose 0 = 5*q + 5*w - i, w = q - 1 - 19. What are the prime factors of q?
2, 11
Let o(r) = 22*r - 1. Let w = 25 - 23. List the prime factors of o(w).
43
Let v = 8 - 15. Let s = v - -13. List the prime factors of s.
2, 3
Let p(h) = -9*h - 6 - 3*h + 18 - h**2. What are the prime factors of p(-11)?
23
Let c(n) = 2*n + 1. Suppose -4*r - r + 90 = 0. Suppose -2*t = -2*p - 4*t + r, 43 = 5*p + 4*t. List the prime factors of c(p).
3, 5
Suppose 0 = 4*n - 9 - 307. List the prime factors of n.
79
Let j(c) = -c**3 - 7*c**2 - 3*c - 3. Let m be j(-6). Let k = -3 - m. What are the prime factors of k?
2, 3
Let f(u) = 48*u + 3. List the prime factors of f(9).
3, 5, 29
Suppose 7*n = 4*n + 3. Let m = -25 - -23. What are the prime factors of (m + n)*(1 - 13)?
2, 3
Let c be -2 + 3 - (-2 - 2). Suppose c*o + 53 = 4*t, -3*t = -o + 5*o - 1. What are the prime factors of t?
7
Let n be (-4)/1*(-2)/1. Suppose z - 5*z + n = 0. Suppose 0 = z*u - 12 - 6. List the prime factors of u.
3
Let u(i) = -3*i**3 - i**2. Let j be u(-1). Suppose -j*s + 2 = -2. List the prime factors of s.
2
Suppose 5 = -3*r + 20. Suppose -12 = -p - 5*k, 4*k - 19 = -r*p + 41. What are the prime factors of p?
2, 3
Suppose 4*v = 3*r - 100, -r + 15 = -3*v - 15. List the prime factors of r.
2, 3
Let a(w) = w**2 - 8*w. Let f be a(8). Suppose 2*c - 3*c - 2 = f. What are the prime factors of 228/20 + c/5?
11
Let t(b) = -b + 8. Let j be t(7). Suppose 0 = -r + 14 + j. What are the prime factors of r?
3, 5
Let b(q) = -4*q + 1. Let n be (5/(-10))/((-3)/(-24)). What are the prime factors of b(n)?
17
List the prime factors of 1*(54 + 4 + 0).
2, 29
Suppose 4*m - 2*m + 16 = 2*k, 4*m = -3*k - 4. Suppose 3*w - 65 = -k*c, -5*c - w + 20 = -64. What are the prime factors of c?
17
Let y(i) = -i**2 + 4*i - 1. Let r be y(3). Suppose 2*v - 5 = r*m - 63, m - 14 = -4*v. List the prime factors of m.
2, 13
Let m(t) be the first derivative of -t**2/2 + 8*t + 3. List the prime factors of m(-7).
3, 5
Let k(w) = w**2 - 6*w**3 + 0*w**3 + 0*w**3 + w. List the prime factors of k(-1).
2, 3
Let c = 123 - 49. List the prime factors of c.
2, 37
Let v be (3 - -10)/((-3)/(-33)). Suppose -214 = -4*j - 2*b, -v = -3*j - 4*b - b. List the prime factors of j.
2, 7
Let x(o) = -4*o - 3. Let b be x(-3). Let w(k) = 2*k + 11. List the prime factors of w(b).
29
Suppose -3*w + 20 = -5*z - 204, 4*z + 16 = 0. List the prime factors of w.
2, 17
Suppose -3*s - 9 = 5*n + 18, -4*n + 3*s = 27. Let q = 24 - n. List the prime factors of q.
2, 3, 5
Let o(b) be the second derivative of -b**5/20 + 7*b**4/12 + 3*b**3/2 - b**2/2 - 4*b. What are the prime factors of o(8)?
7
Suppose -11*f + 7*f = -392. List the prime factors of f.
2, 7
Let z = -2 + -1. List the prime factors of (-645)/(-12) - z/(-4).
53
Let v be 3/3 + 1*3. Suppose 744 = v*u + 216. List the prime factors of (2/3)/(8/u).
11
Let g(v) be the second derivative of 0 + 3/4*v**4 + 0*v**2 - 1/6*v**3 - 2*v. What are the prime factors of g(1)?
2
Let b = 86 - 67. What are the prime factors of b?
19
Suppose 16*c - 17*c = -110. List the prime factors of c.
2, 5, 11
Suppose 258 = 7*g - 4*g. Suppose 3*s = 4*w - g, -2*s = w - 2*w + 19. What are the prime factors of w?
23
Let d(m) = 2*m**3 - 3*m**2 - 3*m + 4. List the prime factors of d(3).
2, 11
Let t = -37 + 76. List the prime factors of t.
3, 13
Let h(r) = 4*r**2 - 2*r + 3. Suppose 4*a + 2 = -2*q - 0, -7 = 3*q + 2*a. List the prime factors of h(q).
3, 5
Suppose -2*c - 2*c - 12 = 0. Let q = c + 6. Let t = q - -8. What are the prime factors of t?
11
Let v(l) = l + 1. Let t(q) = q**3 + 5*q**2 + 5*q + 1. Let m(g) = -t(g) - v(g). What are the prime factors of m(-4)?
2, 3
Let b = 13 - 11. Suppose -b*d = 2*s - 46, -d + 97 = 4*d - s. List the prime factors of d.
2, 5
Let f(x) = 3*x - 1. Let c be f(-1). Let v be c/(-